 34306 and 170.
34
What is the greatest common divisor of 726 and 56958?
66
What is the greatest common factor of 1315 and 720883?
263
Calculate the greatest common factor of 1254 and 6930.
66
Calculate the highest common factor of 35 and 62188.
7
Calculate the greatest common factor of 213215 and 25.
5
What is the highest common divisor of 1235 and 117572?
247
Calculate the highest common divisor of 240 and 546360.
120
Calculate the highest common factor of 43587 and 1131.
87
What is the highest common factor of 1024 and 2368?
64
What is the greatest common divisor of 27 and 3786561?
27
What is the highest common factor of 21318 and 198132?
1254
What is the highest common divisor of 379764 and 7?
7
What is the highest common factor of 888 and 66?
6
What is the greatest common factor of 21463 and 104?
13
Calculate the highest common divisor of 21180 and 1380.
60
Calculate the highest common divisor of 1098441 and 2769.
213
What is the greatest common divisor of 399 and 13881?
21
Calculate the greatest common factor of 14508 and 72.
36
Calculate the highest common factor of 444591 and 189.
63
Calculate the greatest common factor of 676 and 434668.
676
What is the greatest common divisor of 6 and 537?
3
What is the highest common factor of 159105 and 15?
15
What is the greatest common factor of 2 and 22318?
2
Calculate the highest common factor of 684 and 8748.
36
Calculate the highest common divisor of 340 and 275260.
20
Calculate the greatest common factor of 44 and 103466.
22
What is the greatest common divisor of 57 and 815784?
57
Calculate the greatest common divisor of 146596 and 4020.
268
What is the highest common factor of 765 and 1467?
9
What is the greatest common factor of 825 and 6985?
55
What is the greatest common divisor of 7261 and 2703?
53
Calculate the greatest common factor of 2692 and 2888.
4
Calculate the highest common divisor of 4480 and 180736.
128
Calculate the highest common factor of 3475632 and 222.
222
What is the highest common factor of 220780 and 2240?
140
What is the greatest common factor of 960 and 327552?
192
Calculate the highest common factor of 2598180 and 780.
780
What is the highest common divisor of 182307 and 134?
67
Calculate the highest common factor of 288 and 241992.
72
What is the greatest common divisor of 176276 and 2082?
694
Calculate the greatest common factor of 1735 and 16180.
5
Calculate the highest common divisor of 653082 and 534.
534
What is the greatest common divisor of 14804 and 140?
4
What is the greatest common factor of 455 and 1755?
65
What is the greatest common divisor of 2906883 and 63?
63
What is the highest common divisor of 26 and 2571322?
26
What is the highest common factor of 6654 and 1185521?
1109
What is the highest common factor of 7200 and 388000?
800
What is the highest common divisor of 80 and 3825?
5
What is the highest common factor of 21112 and 580?
116
Calculate the highest common divisor of 146 and 8026934.
146
Calculate the highest common divisor of 2277 and 124223.
253
Calculate the greatest common divisor of 2340 and 2444.
52
What is the highest common factor of 21 and 16429?
7
Calculate the highest common factor of 352291 and 3128.
391
Calculate the highest common factor of 17899 and 224.
7
What is the greatest common divisor of 13564 and 4?
4
What is the greatest common divisor of 63193 and 13?
13
What is the greatest common factor of 9 and 13590423?
9
Calculate the highest common divisor of 13580 and 5238.
194
Calculate the highest common factor of 19250 and 11452.
14
Calculate the highest common factor of 315 and 4704.
21
What is the greatest common divisor of 221 and 262?
1
What is the highest common divisor of 86405 and 220?
55
Calculate the highest common divisor of 2650 and 19345.
265
What is the highest common factor of 5256 and 38763?
657
What is the greatest common factor of 38 and 2514422?
38
Calculate the greatest common factor of 32 and 4832.
32
What is the highest common factor of 36955 and 1520?
95
Calculate the highest common divisor of 17447 and 68115.
239
Calculate the highest common divisor of 10332 and 3129.
21
Calculate the greatest common factor of 60 and 31665.
15
Calculate the highest common factor of 420 and 6748.
28
What is the greatest common factor of 2665 and 364039?
533
What is the highest common divisor of 3422 and 6018?
118
What is the highest common divisor of 175 and 1947680?
35
What is the greatest common factor of 4342 and 39?
13
Calculate the highest common factor of 804 and 39999.
201
What is the highest common divisor of 260 and 2540?
20
What is the greatest common divisor of 1760010 and 145?
145
What is the greatest common factor of 753 and 111?
3
Calculate the greatest common factor of 166 and 71546.
166
Calculate the highest common divisor of 1612 and 717712.
124
What is the greatest common factor of 2944 and 1664?
128
Calculate the greatest common divisor of 52 and 41431.
13
What is the greatest common factor of 1140 and 1260?
60
What is the highest common factor of 264001 and 31401?
1163
What is the highest common factor of 6 and 1018?
2
What is the greatest common factor of 10 and 201010?
10
Calculate the greatest common factor of 10219599 and 13.
13
Calculate the highest common factor of 2675 and 11775.
25
What is the highest common divisor of 1360 and 59024?
272
What is the highest common divisor of 66 and 9251121?
33
What is the greatest common factor of 23156 and 140?
28
What is the highest common divisor of 708 and 849246?
354
What is the highest common divisor of 3256 and 9916?
148
What is the greatest common divisor of 38290 and 7?
7
What is the highest common divisor of 188 and 15744?
4
Calculate the highest common divisor of 2172 and 42.
6
What is the highest common divisor of 32 and 68504?
8
What is the greatest common factor of 7 and 128471?
7
What is the greatest common divisor of 14490 and 504?
126
Calculate the highest common divisor of 39865 and 134.
67
What is the highest common factor of 2575 and 66023?
103
Calculate the greatest common factor of 11 and 1163437.
11
What is the greatest common factor of 5577 and 189111?
507
Calculate the highest common divisor of 1192 and 8056.
8
Calculate the highest common factor of 1065 and 6674.
71
Calculate the highest common factor of 636 and 837294.
318
What is the greatest common divisor of 14977 and 108363?
881
What is the highest common divisor of 244474 and 4518?
502
Calculate the greatest common factor of 15300 and 2196.
36
Calculate the greatest common factor of 5 and 764.
1
What is the highest common divisor of 6375933 and 18?
9
What is the greatest common divisor of 9271 and 635?
127
What is the greatest common divisor of 85 and 86785?
85
What is the greatest common divisor of 1320 and 46728?
264
Calculate the highest common divisor of 5314904 and 214.
214
Calculate the highest common divisor of 22 and 15.
1
Calculate the highest common factor of 243 and 15741.
27
What is the highest common factor of 452 and 4003816?
452
What is the greatest common divisor of 13 and 87347?
13
Calculate the greatest common factor of 3020 and 5740.
20
Calculate the highest common factor of 82 and 315249.
41
What is the highest common divisor of 3745542 and 102?
102
Calculate the highest common divisor of 134112 and 66.
66
Calculate the highest common factor of 153 and 228684.
51
What is the greatest common divisor of 13 and 2123?
1
Calculate the highest common divisor of 496182 and 492.
246
Calculate the highest common factor of 1368 and 59337.
171
What is the highest common factor of 125 and 145?
5
Calculate the highest common divisor of 8920 and 15220.
20
Calculate the highest common divisor of 5754 and 40826.
274
Calculate the highest common factor of 7400 and 444.
148
Calculate the greatest common divisor of 5544 and 140.
28
Calculate the greatest common divisor of 1316 and 1456436.
188
What is the highest common factor of 7 and 630133?
7
What is the highest common divisor of 3140 and 1460?
20
Calculate the highest common factor of 344733 and 6849.
2283
What is the greatest common divisor of 51948 and 39?
39
Calculate the greatest common factor of 9943 and 1708.
61
Calculate the highest common factor of 57647 and 85.
17
Calculate the greatest common divisor o